osite?
True
Suppose 8 = 5*j - 5*r - 12, 3*j - 19 = -4*r. Suppose 0 = j*z + 5*k - 30, z - 5*k = -2*k - 10. Is z/(-1) + 217 + 3 prime?
False
Let l be 2/2*(-10)/(-2). Suppose -9*u = -59 + 23. Suppose 6*f - 1501 = l*f - u*r, -3*r + 1501 = f. Is f composite?
True
Suppose -6*g + 5 = -g. Let y be (g + -83)/(-6 + (-12)/(-3)). Suppose -37*s + y*s = 8204. Is s a composite number?
True
Let p(a) be the third derivative of 98*a**5/15 + 7*a**4/24 + 5*a**3/6 - 50*a**2. Is p(-2) a composite number?
False
Let j(f) = 4627*f + 600. Is j(13) prime?
False
Let a(f) = 2449*f**3 + 95*f**2 + 3*f + 13. Is a(4) a composite number?
True
Suppose 0 = 5*j + 4*h - 77717, -3*j - 4*h = -9*h - 46608. Is j composite?
False
Let w = -56 - -59. Let n be w/12*2 + 620/8. Suppose 2*j = -s + 76, 227 - n = 2*s + 5*j. Is s a prime number?
False
Let f be 15 - (0 - -16)/4. Suppose 0 = f*y + 2*y - 123851. Is y a composite number?
True
Suppose -4*a + 19*m = 24*m - 77501, 6*m - 96875 = -5*a. Is a a composite number?
True
Let v(h) be the third derivative of h**6/360 - h**5/60 + 2471*h**4/24 - h**3/3 + 10*h**2. Let p(k) be the first derivative of v(k). Is p(0) composite?
True
Is 23/(-1012)*12923383*4*(-2 - -1) a prime number?
False
Let c = 207 - 202. Suppose 3*g - 1923 = -c*o + 3*o, 2*g + 4*o - 1282 = 0. Is g prime?
True
Let i(c) = c**3 - 26*c**2 + 132*c + 11. Let x be i(19). Is ((-619083)/108)/(3/x) composite?
True
Suppose j + 3*y = -259, -2*j - y = -4*j - 504. Let w = 732 + j. Is w a prime number?
True
Is 10113957/(-378)*1*-2 prime?
False
Let r be -34*(-3)/(-30) - 4/(-10). Let i be 2/r*(-1)/(-2)*-15. Suppose -9050 = -i*n - 3295. Is n composite?
False
Suppose -62*z + 877918 = 103950 - 695494. Is z a prime number?
False
Let i(b) = 3*b + 3. Let j be i(-2). Let x(p) be the third derivative of -7*p**6/24 + p**5/12 + p**4/12 + 7*p**3/6 + 2162*p**2. Is x(j) prime?
True
Let i(j) = 6*j**2 + j - 3. Suppose -v + 4*v + 9 = -h, 0 = -5*v + 4*h + 2. Let u be 2*(-1 + 0)*v. Is i(u) a prime number?
True
Let s = -120 + 130. Let o be 2/13 - s/(520/476). Is 2/o - (-28504)/126 composite?
True
Let r(h) = 7584*h**2 - 29*h - 117. Is r(-4) a composite number?
False
Suppose 450 = -7*j - 75. Let m = 1152 - j. Is m a composite number?
True
Suppose 2*k = -8*k + 950. Let y = -85 + k. Is y prime?
False
Let i = 67143 + 62851. Is i a prime number?
False
Suppose 809774 + 1522292 + 856664 = 30*l. Is l a prime number?
True
Let t(w) = -21*w**3 - w**2 - 9. Suppose 8*p - 3*p + 45 = 0. Let v be (-6)/p - 14/3. Is t(v) a prime number?
True
Let q(s) = -2*s**3 - 12*s**2 - 12*s - 10. Let f be q(-5). Suppose 3*m + w - 16736 = f, -11160 = -4*m + 2*m + 2*w. Is m composite?
True
Let p = 275063 + -42730. Is p a composite number?
False
Suppose 26*n + 8*n - 11*n = 45793. Is n a composite number?
True
Suppose 0 = -29*t + 31*t - 6*g - 99700, -2*g = 10. Is t a prime number?
False
Suppose 3*q - 20 = -5*t, 1 = -3*t + 6*t + 4*q. Suppose -3508 = -11*g + t*g. Is g a composite number?
False
Suppose -5*b = 36*l - 35*l - 114011, 114019 = l + 3*b. Is l a composite number?
False
Let q(f) be the third derivative of 151*f**6/80 - f**5/60 + f**4/6 - 26*f**2. Let a(t) be the second derivative of q(t). Is a(1) composite?
True
Suppose 51*o - 1301795 = 322402. Is o a prime number?
True
Let o(q) = 8*q**2 - 316*q + 82. Is o(70) a prime number?
False
Suppose 5*w = 7*w - 8. Suppose w*m - 4585 = -5*q, -5*q + 2593 + 1992 = 5*m. Is q a composite number?
True
Suppose 9*p - 213172 = -3*r + 4*p, -213174 = -3*r - 3*p. Is r a composite number?
False
Let d(x) = x**2 + 6*x. Let z be d(-5). Let j be ((-3588)/(-16))/(z/20). Let w = -596 - j. Is w prime?
False
Let z(k) = -k**3 + 4*k**2 + k - 2. Let f = -28 - -32. Let r be z(f). Suppose -2*q = r*q - 956. Is q a composite number?
False
Is (-100 + 99)/((-3)/229029) composite?
False
Suppose 78*h + 6837539 = 311*h + 146*h. Is h prime?
True
Let p be (4621/(-2)*2)/(10/(-20)). Let x = p - 3981. Is x a composite number?
False
Let i = 157 - 146. Suppose n - 16333 = -2*q, i*n + 48993 = 14*n + 4*q. Is n a prime number?
False
Let w(y) = 119*y**2 - 20*y - 68. Suppose 0 = -73*k + 54*k - 133. Is w(k) prime?
True
Suppose 1140*f - 217723938 = 966*f. Is f composite?
False
Let w(d) = 4*d**3 + 2*d**2 + 6*d - 5. Let o be 88/(-3) + 4/(-6). Let b be (-102)/o + (-4)/10. Is w(b) a composite number?
False
Suppose -2*f - 5*p + 1512 = -p, 0 = 2*f - 3*p - 1505. Suppose -4*s + 762 + f = 0. Is s a prime number?
True
Suppose 0 = -3*x + 78768 - 23985. Let a = x + -5680. Is a a prime number?
False
Suppose -2*c + 9 = -7. Let k be 3/5 - (455616/(-30))/c. Let l = 1106 + k. Is l a composite number?
True
Suppose -11*b - 50 + 534 = 0. Let i = b + -42. Is 1312 + 7 + -1*i a prime number?
False
Suppose 233492 = 2*w - 18*v + 20*v, 0 = -8*w + 5*v + 933903. Is w composite?
False
Let h(u) be the first derivative of 1787*u**3/3 + u**2 - 7*u + 116. Is h(2) a composite number?
True
Let t be -1 - 9/(-15) - 181682/(-5). Let j = t - 149. Is j a prime number?
True
Let s = 11471 - -30560. Is s a prime number?
False
Let m(i) be the third derivative of -2*i**4 - 55*i**3/6 + 17*i**2. Let s(z) = -5*z - 95. Let f be s(-13). Is m(f) composite?
True
Let m(k) = -k**3 + 42*k**2 + 1186*k - 160. Is m(59) a prime number?
False
Is 4*(((-73170801)/(-204))/3 + 36/306) a prime number?
True
Suppose 6*w = 5*f + 5*w - 37, f - 13 = 3*w. Suppose 6*l = f*l - 4861. Is l a prime number?
True
Let a(n) = n**2 - 9*n + 13. Let r be a(10). Suppose r*h - 16*h = 9863. Suppose h = 5*i - 5*c - 176, -c = -5*i + 1585. Is i a prime number?
True
Let h = 348938 + -173755. Is h prime?
False
Let r(s) = 14*s + 258. Let q be r(-18). Let a(y) be the third derivative of 17*y**5/60 + y**4/12 + 17*y**3/6 - y**2. Is a(q) prime?
True
Suppose 5*s + 2*w + 2*w - 27 = 0, 5*s + w = 33. Let n(x) = -x**2 + 8*x. Let l be n(s). Suppose 0*v + 455 = l*v. Is v prime?
False
Suppose 56*g - 330288 = 2278360. Is g a composite number?
True
Suppose -6*l + 749727 = -291. Is l prime?
True
Suppose 4*n - 16 = -0*n. Suppose 4*s - 5*m + 378933 = -n*m, -5*m = 3*s + 284171. Is (-5)/(-2)*s/(-110) a prime number?
True
Suppose 20*m - 1106492 = -16*m + 32*m. Is m composite?
False
Let s(p) = -3*p + 9. Let y be s(0). Suppose y = 4*q + 89. Let h(o) = -36*o - 31. Is h(q) composite?
True
Let v(y) = 19569*y**2 - 1045*y + 6227. Is v(6) prime?
True
Suppose -8*j + 34637 = 197397. Is j/(-4) - 66/264 prime?
False
Suppose 24*v - 22*v + 2886 = 0. Let n = v + 2062. Is n a prime number?
True
Let o(d) = 43*d**2 - 655*d + 101. Is o(78) a prime number?
False
Let k = -2830 + 8885. Suppose -k - 21272 = -3*u. Is u composite?
False
Let q(v) = 39509*v - 6583. Is q(16) a prime number?
False
Suppose -1778 = -69*a + 62*a. Suppose 54*b - a = 52*b. Is b a composite number?
False
Suppose -15*i + 93555 = -4*i. Suppose -7621 - i = -2*v. Is v composite?
True
Suppose 3*u - a = 4682, -12*a = -5*u - 7*a + 7820. Let v = -390 + u. Is v a composite number?
True
Let j = -3571 + 8786. Let g be (1 - 37)*4/(-6). Suppose j = g*x - 19*x. Is x composite?
True
Suppose -2*y = -4*z + 7*z - 26543, 0 = -4*z - y + 35394. Is z a composite number?
False
Let k = 19558 + 60468. Is k prime?
False
Suppose 3*b - 1528 = 5*b. Let y = b + 1107. Let q = 594 - y. Is q prime?
True
Suppose 1603 = -15*f - 827. Is (-9)/(f/531)*254 composite?
True
Is (-4)/6*(-8)/((-224)/1762698)*-1 a composite number?
False
Suppose -3*q + p + 5 = 3, -4 = -p. Let m(z) = -243*z**2 - 22*z + 8. Let h(i) = -81*i**2 - 7*i + 3. Let a(g) = q*m(g) - 7*h(g). Is a(2) composite?
True
Is 6 + 7 - (-2326104)/11 a prime number?
False
Let x be ((-9)/(-18))/((-2)/(-480)). Let f be x/(-96)*(-92)/1. Suppose 8 = -2*a, y - 4*a + 7*a - f = 0. Is y prime?
True
Let x(i) = 4*i**2 + 14*i + 7. Let f = -134 + 128. Is x(f) a prime number?
True
Let p(v) = -2*v + 86. Let x be p(42). Suppose 4*i + 9539 - 121 = 2*n, -4689 = -n - x*i. Is n a composite number?
True
Let g = -118719 + 946562. Is g composite?
False
Suppose 4*k + 3*i - 155995 = 0, -1771*k + 2*i - 116997 = -1774*k. Is k a composite number?
True
Let b = 27 - -11. Suppose -4*i + z = -27, i - 6 = -5*z + 6. Suppose j + i = b. Is j a composite number?
False
Let n(u) = u**2 - 11*u - 66. Let f be n(16). Suppose -5*w = -f*w + 35469. Is w a composite number?
True
Let t(z) be the first derivative of -26*z**2 + 5*z + 19. Sup